Is 4213519 prime?
True
Is 268798249 a composite number?
False
Is 1212301 composite?
False
Is 94200979 prime?
True
Is 641519467 a prime number?
True
Is 657257 a composite number?
False
Is 12198113 prime?
True
Is 405173 prime?
False
Is 1980291 a composite number?
True
Is 32667151 composite?
True
Is 11276171 a prime number?
False
Is 1200733 a prime number?
False
Is 30442207 a prime number?
False
Is 181243 prime?
True
Is 58132805 a prime number?
False
Is 597288581 a prime number?
True
Is 452570789 composite?
True
Is 278808263 prime?
True
Is 503339 composite?
False
Is 1871951 prime?
True
Is 345652643 a prime number?
False
Is 6480239 composite?
False
Is 1190117 prime?
False
Is 46967135 a composite number?
True
Is 460865 a composite number?
True
Is 12812015 prime?
False
Is 201651719 a prime number?
True
Is 26653267 composite?
True
Is 262301207 a prime number?
False
Is 8702927 prime?
False
Is 351790457 a composite number?
False
Is 2898499 a composite number?
False
Is 8645947 a composite number?
True
Is 150490181 a composite number?
True
Is 684022267 prime?
True
Is 5583091 a prime number?
True
Is 16899149 composite?
False
Is 2205107 a prime number?
True
Is 2844833 a prime number?
True
Is 225203507 a composite number?
False
Is 29731703 composite?
True
Is 6052483 a prime number?
True
Is 9949703 a composite number?
False
Is 4209631 composite?
True
Is 2441353 prime?
False
Is 50162059 a prime number?
True
Is 48742159 composite?
False
Is 890907 composite?
True
Is 33158305 a prime number?
False
Is 4897567 composite?
False
Is 11560091 a composite number?
False
Is 17458255 prime?
False
Is 28333789 prime?
False
Is 1498727 composite?
True
Is 9043849 composite?
False
Is 1170019 a prime number?
True
Is 17692349 composite?
True
Is 1404967 a prime number?
False
Is 27959201 a prime number?
True
Is 104261 prime?
False
Is 31385203 a composite number?
False
Is 79458037 composite?
False
Is 93790703 a prime number?
True
Is 44387921 a composite number?
False
Is 390335773 a prime number?
True
Is 4390457 composite?
True
Is 139979321 composite?
False
Is 14662217 a prime number?
False
Is 517442 prime?
False
Is 23777813 composite?
False
Is 81184139 a composite number?
True
Is 2021633 a prime number?
False
Is 317171 a prime number?
True
Is 979763 composite?
True
Is 10392351 prime?
False
Is 13902059 composite?
True
Is 479211 composite?
True
Is 692735 a composite number?
True
Is 711589213 a prime number?
False
Is 5097293 composite?
True
Is 3013639 a composite number?
False
Is 36229 a composite number?
False
Is 5420711 composite?
False
Is 1568687 a composite number?
False
Is 8492749 composite?
False
Is 86028323 composite?
False
Is 323208533 composite?
False
Is 11228207 composite?
False
Is 5928253 prime?
True
Is 4478729 composite?
True
Is 17710333 a prime number?
True
Is 32749339 a composite number?
True
Is 1874359 composite?
True
Is 49308643 a prime number?
True
Is 3412049 a prime number?
True
Is 1314379 a composite number?
True
Is 12911867 a composite number?
True
Is 1528919 a composite number?
True
Is 111607393 a prime number?
False
Is 3139373 a prime number?
False
Is 16584221 a composite number?
False
Is 50121271 a prime number?
True
Is 63321211 a prime number?
True
Is 274163 a prime number?
True
Is 56115443 composite?
False
Is 508519619 prime?
True
Is 100275437 composite?
False
Is 575191813 prime?
False
Is 20176297 prime?
False
Is 12359069 prime?
True
Is 757331323 prime?
False
Is 3039605 prime?
False
Is 106844107 a prime number?
True
Is 710898113 a prime number?
True
Is 1237328611 composite?
True
Is 13481189 a composite number?
False
Is 59029 composite?
False
Is 17719711 a composite number?
False
Is 145499933 a composite number?
True
Is 557031 a prime number?
False
Is 2132489 composite?
True
Is 29123273 composite?
False
Is 82774363 composite?
True
Is 3404585 a composite number?
True
Is 9251161 a composite number?
False
Is 2043534865 prime?
False
Is 91663051 a prime number?
True
Is 5305321 prime?
False
Is 8098913 a composite number?
False
Is 30871517 a prime number?
False
Is 3930851 composite?
True
Is 6168341 a composite number?
False
Is 14152799 a composite number?
False
Is 8363471 a composite number?
False
Is 1815427 a composite number?
False
Is 15464521 a composite number?
False
Is 1145971 a composite number?
False
Is 29462137 prime?
True
Is 74887621 a prime number?
True
Is 15549871 composite?
True
Is 15586097 a prime number?
True
Is 6580913 a prime number?
True
Is 5085869 a composite number?
False
Is 33610799 a prime number?
False
Is 695561 a prime number?
True
Is 1700789 a composite number?
True
Is 1047077939 a prime number?
True
Is 10745081 prime?
True
Is 20357377 prime?
True
Is 47119391 composite?
True
Is 5741809 a prime number?
False
Is 15836813 prime?
False
Is 98700211 a composite number?
True
Is 46795189 a prime number?
False
Is 25021833 a composite number?
True
Is 143435 a composite number?
True
Is 8353517 prime?
True
Is 8753959 a prime number?
False
Is 15494053 composite?
True
Is 114782579 a composite number?
False
Is 4108889 composite?
False
Is 394161055 prime?
False
Is 1703003 prime?
False
Is 3377939 composite?
True
Is 845653 a composite number?
False
Is 1473011 a composite number?
False
Is 11977267 a composite number?
False
Is 31564501 a composite number?
False
Is 65487827 composite?
False
Is 3915629 a prime number?
True
Is 7186093 composite?
False
Is 69275099 a prime number?
True
Is 54781267 a prime number?
True
Is 265989859 a prime number?
False
Is 8833337 a composite number?
False
Is 433427 a composite number?
True
Is 5735845 a composite number?
True
Is 15327677 composite?
False
Is 6489803 composite?
False
Is 32434543 prime?
True
Is 9022883 a prime number?
True
Is 55128289 a composite number?
False
Is 44131223 prime?
False
Is 235656991 composite?
False
Is 3666281 composite?
False
Is 1008659 a composite number?
False
Is 1597789 a prime number?
False
Is 120555511 a prime number?
True
Is 1212839 a prime number?
True
Is 153579 a composite number?
True
Is 49495117 composite?
True
Is 18088703 a composite number?
True
Is 75268549 a composite number?
True
Is 6965779 composite?
False
Is 5670807 a prime number?
False
Is 1174681 composite?
False
Is 80156627 a prime number?
True
Is 6560665 prime?
False
Is 6066443 composite?
False
Is 78101501 a prime number?
False
Is 6441117 prime?
False
Is 27541487 a composite number?
False
Is 272603479 composite?
True
Is 3156557 a prime number?
True
Is 259278971 composite?
True
Is 6742171 a composite number?
False
Is 3218233 a composite number?
False
Is 12496691 a prime number?
True
Is 160129 a composite number?
True
Is 8597209 composite?
True
Is 3560411 a prime number?
True
Is 24632437 prime?
False
Is 316493 prime?
True
Is 2415796391 a composite number?
False
Is 32485523 a composite number?
True
Is 6492979 a prime number?
False
Is 16212341 a composite number?
True
Is 12881059 a composite number?
True
Is 304841191 composite?
True
Is 1764949 composite?
False
Is 4640929 composite?
False
Is 16457345 a composite number?
True
Is 20360491 a prime number?
True
Is 9865511 a composite number?
False
Is 21588607 a composite number?
False
Is 42466157 prime?
False
Is 143795789 a prime number?
True
Is 6681263 composite?
True
Is 8190059 composite?
True
Is 10933761 a composite number?
True
Is 144922 a composite number?
True
Is 13469327 prime?
False
Is 35275057 composite?
False
Is 1989341 prime?
True
Is 158933693 composite?
False
Is 64720321 a composite number?
True
Is 48017 a prime number?
True
Is 5636557 prime?
False
Is 8606633 composite?
True
Is 54698219 a prime number?
True
Is 1373831597 a prime number?
True
Is 7651723 a prime number?
True
Is 122491527 a prime number?
False
Is 3909641 a prime number?
True
Is 37333429 prime?
False
Is 1212347 composite?
False
Is 6474437 composite?
True
Is 119512927 prime?
True
Is 11090291 a prime number?
True
Is 5862737 a prime number?
False
Is 5745713 a composite number?
False
Is 224932843 prime?
True
Is 67940099 a prime number?
True
Is 11715389 composite?
True
Is 24907 prime?
True
Is 827723 a composite number?
True
Is 139014269 composite?
True
Is 42617199 composite?
True
Is 20994749 composite?
False
Is 17227487 composite?
False
Is 6354899 composite?
True
Is 14540059 composite?
False
Is 665177 a composite number?
F